109
What are the prime factors of 537?
3, 179
List the prime factors of 1789.
1789
List the prime factors of 2370.
2, 3, 5, 79
What are the prime factors of 51142?
2, 7, 13, 281
List the prime factors of 10621.
13, 19, 43
What are the prime factors of 1380?
2, 3, 5, 23
What are the prime factors of 362?
2, 181
List the prime factors of 14632.
2, 31, 59
What are the prime factors of 848?
2, 53
List the prime factors of 21115.
5, 41, 103
List the prime factors of 4012.
2, 17, 59
List the prime factors of 13836.
2, 3, 1153
List the prime factors of 5672.
2, 709
What are the prime factors of 643?
643
What are the prime factors of 1029?
3, 7
List the prime factors of 20111.
7, 13, 17
What are the prime factors of 61546?
2, 30773
What are the prime factors of 12873?
3, 7, 613
What are the prime factors of 1222?
2, 13, 47
What are the prime factors of 6905?
5, 1381
What are the prime factors of 1785?
3, 5, 7, 17
List the prime factors of 110.
2, 5, 11
List the prime factors of 9332.
2, 2333
What are the prime factors of 4248?
2, 3, 59
List the prime factors of 61798.
2, 11, 53
What are the prime factors of 8735?
5, 1747
List the prime factors of 884.
2, 13, 17
What are the prime factors of 12695?
5, 2539
What are the prime factors of 6904?
2, 863
What are the prime factors of 58189?
58189
What are the prime factors of 948?
2, 3, 79
List the prime factors of 155865.
3, 5, 10391
What are the prime factors of 13487?
13487
What are the prime factors of 5893?
71, 83
List the prime factors of 1677.
3, 13, 43
What are the prime factors of 2433?
3, 811
What are the prime factors of 16605?
3, 5, 41
What are the prime factors of 84965?
5, 16993
List the prime factors of 2104.
2, 263
List the prime factors of 1203.
3, 401
What are the prime factors of 910?
2, 5, 7, 13
What are the prime factors of 38404?
2, 9601
List the prime factors of 822.
2, 3, 137
List the prime factors of 27697.
27697
What are the prime factors of 3753?
3, 139
What are the prime factors of 253?
11, 23
List the prime factors of 280.
2, 5, 7
What are the prime factors of 3949?
11, 359
List the prime factors of 22844.
2, 5711
List the prime factors of 6304.
2, 197
List the prime factors of 84319.
84319
List the prime factors of 10690.
2, 5, 1069
What are the prime factors of 48109?
48109
What are the prime factors of 1386?
2, 3, 7, 11
What are the prime factors of 33358?
2, 13, 1283
List the prime factors of 4290.
2, 3, 5, 11, 13
What are the prime factors of 6944?
2, 7, 31
What are the prime factors of 17058?
2, 3, 2843
What are the prime factors of 2503?
2503
List the prime factors of 10327.
23, 449
What are the prime factors of 2805?
3, 5, 11, 17
What are the prime factors of 2422?
2, 7, 173
What are the prime factors of 11450?
2, 5, 229
What are the prime factors of 21622?
2, 19, 569
List the prime factors of 49966.
2, 7, 43, 83
What are the prime factors of 62973?
3, 6997
What are the prime factors of 1138?
2, 569
What are the prime factors of 8231?
8231
What are the prime factors of 86156?
2, 7, 17, 181
List the prime factors of 1526.
2, 7, 109
List the prime factors of 21039.
3, 7013
What are the prime factors of 16670?
2, 5, 1667
List the prime factors of 66302.
2, 33151
List the prime factors of 50249.
109, 461
What are the prime factors of 15177?
3, 5059
List the prime factors of 42997.
19, 31, 73
List the prime factors of 6697.
37, 181
What are the prime factors of 88092?
2, 3, 2447
What are the prime factors of 699?
3, 233
What are the prime factors of 10324?
2, 29, 89
What are the prime factors of 3667?
19, 193
List the prime factors of 3240.
2, 3, 5
List the prime factors of 17038.
2, 7, 1217
What are the prime factors of 8070?
2, 3, 5, 269
List the prime factors of 18511.
107, 173
What are the prime factors of 4830?
2, 3, 5, 7, 23
What are the prime factors of 250?
2, 5
What are the prime factors of 64593?
3, 7177
What are the prime factors of 32030?
2, 5, 3203
List the prime factors of 10.
2, 5
List the prime factors of 183160.
2, 5, 19, 241
What are the prime factors of 7069?
7069
List the prime factors of 304.
2, 19
What are the prime factors of 8574?
2, 3, 1429
List the prime factors of 18346.
2, 9173
What are the prime factors of 18926?
2, 9463
What are the prime factors of 3717?
3, 7, 59
List the prime factors of 5192.
2, 11, 59
List the prime factors of 33848.
2, 4231
What are the prime factors of 53047?
53047
What are the prime factors of 15174?
2, 3, 281
List the prime factors of 3017.
7, 431
List the prime factors of 13568.
2, 53
List the prime factors of 1611.
3, 179
What are the prime factors of 456?
2, 3, 19
List the prime factors of 14145.
3, 5, 23, 41
List the prime factors of 6429.
3, 2143
List the prime factors of 811.
811
List the prime factors of 419.
419
List the prime factors of 33807.
3, 59, 191
What are the prime factors of 11752?
2, 13, 113
List the prime factors of 220.
2, 5, 11
List the prime factors of 5958.
2, 3, 331
What are the prime factors of 5303?
5303
What are the prime factors of 6789?
3, 31, 73
List the prime factors of 1115.
5, 223
List the prime factors of 2623.
43, 61
What are the prime factors of 562?
2, 281
List the prime factors of 428.
2, 107
List the prime factors of 12599.
43, 293
List the prime factors of 19746.
2, 3, 1097
List the prime factors of 5150.
2, 5, 103
What are the prime factors of 4917?
3, 11, 149
What are the prime factors of 718?
2, 359
List the prime factors of 2419.
41, 59
List the prime factors of 4428.
2, 3, 41
List the prime factors of 3004.
2, 751
What are the prime factors of 6008?
2, 751
What are the prime factors of 19676?
2, 4919
List the prime factors of 101526.
2, 3, 16921
List the prime factors of 31849.
31849
List the prime factors of 76111.
7, 83, 131
List the prime factors of 450.
2, 3, 5
List the prime factors of 2397.
3, 17, 47
What are the prime factors of 271?
271
List the prime factors of 941.
941
List the prime factors of 114177.
3, 7, 5437
What are the prime factors of 60397?
60397
What are the prime factors of 1874?
2, 937
What are the prime factors of 2014?
2, 19, 53
What are the prime factors of 616?
2, 7, 11
List the prime factors of 6172.
2, 1543
List the prime factors of 444.
2, 3, 37
List the prime factors of 2842.
2, 7, 29
List the prime factors of 1405.
5, 281
What are the prime factors of 2681?
7, 383
List the prime factors of 882.
2, 3, 7
What are the prime factors of 1454?
2, 727
What are the prime factors of 28332?
2, 3, 787
What are the prime factors of 7067?
37, 191
What are the prime factors of 84239?
84239
What are the prime factors of 3006?
2, 3, 167
List the prime factors of 800.
2, 5
What are the prime factors of 24173?
23, 1051
What are the prime factors of 6755?
5, 7, 193
List the prime factors of 1326.
2, 3, 13, 17
List the prime factors of 13256.
2, 1657
What are the prime factors of 2515?
5, 503
List the prime factors of 1079.
13, 83
What are the prime factors of 1095?
3, 5, 73
List the prime factors of 30177.
3, 7, 479
List the prime factors of 6114.
2, 3, 1019
What are the prime factors of 82539?
3, 1019
List the prime factors of 99240.
2, 3, 5, 827
List the prime factors of 4801.
4801
List the prime factors of 7910.
2, 5, 7, 113
List the prime factors of 17627.
17627
What are the prime factors of 8560?
2, 5, 107
List the prime factors of 49.
7
What are the prime factors of 6525?
3, 5, 29
List the prime factors of 4241.
4241
List the prime factors of 90.
2, 3, 5
List the prime factors of 20490.
2, 3, 5, 683
What are the prime factors of 12537?
3, 7, 199
List the prime factors of 1830.
2, 3, 5, 61
List the prime factors of 14572.
2, 3643
What are the prime factors of 892?
2, 223
List the prime factors of 26665.
5, 5333
What are the prime factors of 606?
2, 3, 101
What are the prime factors of 1131?
3, 13, 29
List the prime factors of 13814.
2, 6907
List the prime factors of 39.
3, 13
List the prime factors of 13274.
2, 6637
List the prime factors of 631.
631
List the prime factors of 208.
2, 13
List the prime factors of 2794.
2, 11, 127
List the prime factors of 33902.
2, 11, 23, 67
What are the prime factors of 5254?
2, 37, 71
List the prime factors of 776.
2, 97
List the prime factors of 7168.
2, 7
What are the prime factors of 1328?
2, 83
What are the prime fac